 when r is divided by 42?
40
Suppose 2*m = 107*m - 3780. What is the remainder when 230 is divided by m?
14
Let a(v) = 16*v**2 + 8*v - 78. Calculate the remainder when 388 is divided by a(-4).
96
Suppose 13*a = 14*a - 3. Let c = 10 - a. Suppose 0 = -c*g + 3*g + 76. Calculate the remainder when 36 is divided by g.
17
Suppose -5*s - 23 = -88. Let q be (-7 + (-328)/(-12) - 2)*3. Calculate the remainder when 1221/q - (-3)/(-15) is divided by s.
9
Let f(x) be the third derivative of 5*x**4/8 - 173*x**3/6 - 101*x**2. What is the remainder when 45 is divided by f(12)?
3
Suppose 0 = -t + c + 509, -2*t = -3*c - 666 - 352. What is the remainder when t is divided by 32?
29
Suppose -2*b + 15*r - 20*r = -25, 25 = 3*b - 5*r. Suppose -7*y + b*y = 4*n - 309, 2*y - 2 = 0. Calculate the remainder when n is divided by 10.
8
Let b = -38143 + 38486. What is the remainder when 349 is divided by b?
6
Suppose n - 2 = -4*s, -3*s + 67 - 43 = -3*n. Let z be 1 - 3 - (-65 - 0). What is the remainder when (s/3)/(6/z) is divided by 7?
0
Let r = 18251 - 18156. Suppose 78 = 3*j + 2*z, 0*j - 30 = -j - 2*z. What is the remainder when r is divided by j?
23
Suppose -2*t + 4 + 4 = 0, -4*f + 144 = 3*t. Suppose 5*d - 6*d = -3*x + 49, -4*d + x = 229. What is the remainder when f is divided by (0 + 1)*-4*261/d?
15
Let n be 1 - (-14)/42*-1*12. What is the remainder when 42 is divided by (n + -1)*240/(-64)?
12
Let r(y) = y**3 + 7*y**2 - 21*y + 3. Calculate the remainder when r(5) is divided by 19.
8
Let t(z) = -2*z**3 - 4*z**2 - 5*z - 6. Let r be (-8)/(-36) - (-781)/9. Suppose 4*b = -7 + r. Calculate the remainder when t(-4) is divided by b.
18
Suppose -2*h - 35 = -c, -5*h + 51 = 2*c - 46. Let a = -47 + c. Calculate the remainder when a/((16/12)/(-4)) is divided by 7.
4
Let c(g) = g**3 - 3*g**2 + g + 7. Let z be c(3). Calculate the remainder when 90/5 - (1 - -2) is divided by (z/(-2))/((-5)/6).
3
Let y(j) = -5*j**3 - 3*j**2 + 7*j + 25. Calculate the remainder when y(-2) is divided by 28.
11
Suppose -3525 = -2*g + s, 0 = g + s + 226 - 1987. What is the remainder when g is divided by 98?
96
Suppose 24 - 95 = b. Suppose 7*m + 315 = -3*y + 4*m, 2*m = -2. Let s = b - y. Calculate the remainder when s is divided by 17.
16
Suppose 0 = 4*u + 5*y - 1015, u - 8*y = -13*y + 280. What is the remainder when u is divided by 33?
14
Let v(m) = -m**3 - m**2 - 10*m - 13. Let g = 90 + -92. Calculate the remainder when 43 is divided by v(g).
10
What is the remainder when 1474 is divided by 7 + -10 - (-21 - -5 - 10)?
2
Suppose -498 = 4*g - 10*g. Suppose -5*z + 3*i + g = 0, 2 = 3*z - 5*i - 51. What is the remainder when 189 is divided by z?
13
Suppose -3354 + 726 = -6*v. Suppose 299 = 2*f + l + 7, v = 3*f + 3*l. What is the remainder when f is divided by 54?
38
Let w(c) = c**3 - 27*c**2 + 51*c - 27. Let z be w(25). Calculate the remainder when 14 is divided by 6 + (2 - 2/z).
5
Suppose 0 = -32*r - 226 + 2114. Suppose 3*l = -2*b + r - 9, 3*b = l + 97. Calculate the remainder when 55 is divided by b.
24
Let w(j) = -39*j + 37. Let y(m) = 197*m - 184. Let o(l) = -11*w(l) - 2*y(l). Calculate the remainder when 308 is divided by o(2).
29
Let k(y) = 15*y**2 + 82*y + 834. What is the remainder when k(-9) is divided by 626?
59
Calculate the remainder when (-8)/60 + (4928/60 - 2) is divided by 36.
8
Let o = -1089 + 1078. Let g(f) = -40*f - 417. Let a(y) = 115*y**2 + 2*y + 1. Calculate the remainder when a(-1) is divided by g(o).
22
Let w = -132 + 135. Suppose 5*y + v = 2*y + 1567, -y = -w*v - 539. Calculate the remainder when 119 is divided by y/26 + (-12)/78.
19
What is the remainder when (-32)/(2180/110 - 20) is divided by 43?
4
What is the remainder when 347 is divided by 15366/234 - 10/6?
27
Suppose 3067 = 128*g - 841 + 68. What is the remainder when 109 is divided by g?
19
Suppose 0 = -5*a + 7*a - 1542. What is the remainder when a/9 + -1 - 2/(-6) is divided by 18?
13
Suppose -5*o = -4*t - 447, -18 = -5*t - 8. Let q = 16 + 30. Suppose -c - c = -q. Calculate the remainder when o is divided by c.
22
Let m = 4104 + 46352. What is the remainder when m is divided by 11?
10
Let b = 158 + 54. Suppose u = -2*u + 2*y + 202, -3*u + 4*y = -b. Suppose -2*p - 30 = -u. What is the remainder when p is divided by 10?
7
Suppose -5*j = -78 - 17. Suppose -321*b - 217 - 79 = -2*x - 330*b, 0 = 3*b + 36. What is the remainder when x is divided by j?
12
Let b(u) = -2*u + 264. What is the remainder when 169 is divided by b(109)?
31
Let h(l) = 148*l + 1793. What is the remainder when h(-9) is divided by 145?
26
Let i(y) = -y**3 + 31*y**2 + 15*y - 102. What is the remainder when i(31) is divided by 49?
20
Let d(x) = -15*x - 216 + 50 - 55. Calculate the remainder when 240 is divided by d(-20).
3
Let p(v) = 3*v**2 - 122*v - 738. What is the remainder when 118 is divided by p(-6)?
16
Let d = -13238 - -13265. What is the remainder when 733 is divided by d?
4
Let q = 58 - 54. Suppose 10*p - 5*p - 25 = 0, -q*t - 5*p = -41. Let x(h) = -2*h**3 + 8*h**2 + 6*h - 3. What is the remainder when 144 is divided by x(t)?
18
Suppose -4*t = k - 32, 4*k - 14 - 2 = -2*t. Suppose -t*w + 254 = -6*w. What is the remainder when w is divided by 43?
41
Suppose -4*u + 425 = 113. Suppose x = -6*o + o + u, -3*x + 3*o = -288. Calculate the remainder when x is divided by 25.
18
Let t be (35/(-10))/((-2)/(-4)). Suppose -2 = 5*q + h, 3*h - 10 = -q - 2. What is the remainder when (1 + -6 + 8)/(q/t) is divided by 15?
6
Let y = 509500 - 509484. Suppose -3*o = o - 628. Calculate the remainder when o is divided by y.
13
Let f(z) = -23*z - 1631. What is the remainder when 581 is divided by f(-73)?
5
Let c(h) = h**3 - 5*h**2 + 8*h + 5. Suppose 0 = -34*d + 38*d - 16. What is the remainder when 186 is divided by c(d)?
18
Suppose 7*h + 15 = 2*h, h = p - 5. Suppose 224*u = 18443 + 26559 - 5802. What is the remainder when u is divided by p?
1
Suppose -2*s = -5*m + 6409, 487*m - 488*m - 2*s + 1289 = 0. What is the remainder when 3861 is divided by m?
12
Suppose 95*m = 98*m + 84. Let k(s) = s**2 + 29*s + 83. What is the remainder when k(m) is divided by 28?
27
Let g(c) = 2*c**2 - 6. Suppose 0 = -5*l + 109 - 14. Suppose -h + l = -16. What is the remainder when h is divided by g(-3)?
11
Let b(w) = -5*w**3 + 2*w**2 + 19*w - 12. Let s be b(-5). Suppose s = 183*z - 179*z. What is the remainder when z is divided by 37?
31
Suppose 0 = g + 4*c + c + 3, -2*c - 8 = -3*g. Suppose v - g*v = -23. What is the remainder when 134 is divided by v?
19
Let q(l) = 3 + 3 + 9 - 2*l + 6. Let b be q(9). Suppose 0 = -f + 3*p + 20, b*f - 4*f + 2*p = -15. Calculate the remainder when 12 is divided by f.
2
Let s(x) = 4*x**2 + 5*x - 3. Suppose 1190 = 270*q - 5657 + 367. Calculate the remainder when s(-5) is divided by q.
0
Let m = 57 + -38. Suppose 0 = -q + 12 + m. Suppose -q*x = -35*x + 48. What is the remainder when 16 is divided by x?
4
Suppose 52*k + 321 = 55*k. Let w = 45 - -126. Let g = w - k. What is the remainder when g is divided by 33?
31
Let c = 342 + -329. What is the remainder when (7/(42/54))/(1/c) is divided by 15?
12
Let c(x) = -113*x + 33. Calculate the remainder when 3463 is divided by c(0).
31
Let h = 10685 - 10680. Calculate the remainder when 962 is divided by h.
2
Let f be 6 - -291 - ((-2 - 3) + 4). Suppose 2*n - 3*n - f = -5*t, -2*n - 124 = -2*t. Calculate the remainder when t is divided by 20.
19
Let i be 70/(-10) + 7 + 0 + 1. Let a(r) = 220*r - 11. Suppose 5*k - 82 = 128. Calculate the remainder when a(i) is divided by k.
41
Let b(i) = 9*i**2 - 4*i - 1. Let p(q) = -7 - 7*q - 17 + q + 4*q**2 + 16 + q**3. Let n be p(-5). What is the remainder when b(n) is divided by 31?
30
Suppose -8*n + 544 = -392. Calculate the remainder when n is divided by (88/(-28) + 2)*-7.
5
Let f(n) = -58*n**2 + 5*n - 2. Let j be f(-3). Let i = 569 + j. Calculate the remainder when 137 is divided by i.
17
Suppose -10 = 5*i - 0*i, 5*w - 4775 = 5*i. Suppose 0 = 4*j + k - w, -4*k - 194 = -3*j + 535. Calculate the remainder when j is divided by 30.
29
Let h = -19994 - -20018. What is the remainder when 1606 is divided by h?
22
Suppose 0 = -f - 2*f + 60. Suppose 5*d = 2*h - 4*h + 156, h = 4*d + 78. Let z = 103 - h. What is the remainder when z is divided by f?
5
Let l be (23/138)/((-2)/6)*-1172. Suppose l = 5*r - 4*t 